{"id":11,"date":"2020-11-27T15:54:35","date_gmt":"2020-11-27T15:54:35","guid":{"rendered":"https:\/\/schlaraffia-imbirseck.ch\/?page_id=11"},"modified":"2021-01-07T07:33:51","modified_gmt":"2021-01-07T07:33:51","slug":"unsere-burg","status":"publish","type":"page","link":"https:\/\/schlaraffia-imbirseck.ch\/index.php\/unsere-burg\/","title":{"rendered":"Unsere Burg"},"content":{"rendered":"<p>[et_pb_section fb_built=&#8220;1&#8243; next_background_color=&#8220;#f7f7f7&#8243; admin_label=&#8220;Hero Section&#8220; _builder_version=&#8220;4.7.7&#8243; use_background_color_gradient=&#8220;on&#8220; background_color_gradient_start=&#8220;rgba(0,0,0,0.4)&#8220; background_color_gradient_end=&#8220;rgba(0,0,0,0.4)&#8220; background_color_gradient_overlays_image=&#8220;on&#8220; background_image=&#8220;https:\/\/schlaraffia-imbirseck.ch\/wp-content\/uploads\/2020\/12\/Burg.jpg&#8220; background_position=&#8220;center_right&#8220; custom_padding=&#8220;10%||16%|&#8220; bottom_divider_style=&#8220;slant&#8220; bottom_divider_height=&#8220;60px&#8220; background_color_gradient_direction__hover=&#8220;180deg&#8220; background_color_gradient_direction__hover_enabled=&#8220;180deg&#8220; background_color_gradient_start_position__hover=&#8220;0%&#8220; background_color_gradient_start_position__hover_enabled=&#8220;0%&#8220; background_color_gradient_end_position__hover=&#8220;100%&#8220; background_color_gradient_end_position__hover_enabled=&#8220;100%&#8220;][et_pb_row _builder_version=&#8220;3.25&#8243;][et_pb_column type=&#8220;4_4&#8243; _builder_version=&#8220;3.25&#8243; custom_padding=&#8220;|||&#8220; custom_padding__hover=&#8220;|||&#8220;][et_pb_text admin_label=&#8220;Hero Section Title&#8220; _builder_version=&#8220;4.7.7&#8243; text_font=&#8220;Indie Flower|||on|||||&#8220; header_font=&#8220;Montserrat|600|||||||&#8220; header_font_size=&#8220;48px&#8220; header_letter_spacing=&#8220;3px&#8220; header_line_height=&#8220;1.3em&#8220; header_2_font=&#8220;Indie Flower|700|||||||&#8220; header_2_text_color=&#8220;rgba(255,255,255,0.6)&#8220; header_2_font_size=&#8220;90px&#8220; header_2_letter_spacing=&#8220;3px&#8220; header_2_line_height=&#8220;1.1em&#8220; text_orientation=&#8220;center&#8220; background_layout=&#8220;dark&#8220; module_alignment=&#8220;center&#8220; custom_margin=&#8220;||60px|&#8220; animation_style=&#8220;slide&#8220; animation_direction=&#8220;bottom&#8220; animation_intensity_slide=&#8220;5%&#8220; header_font_size_tablet=&#8220;&#8220; header_font_size_phone=&#8220;28px&#8220; header_font_size_last_edited=&#8220;on|phone&#8220; header_2_font_size_tablet=&#8220;&#8220; header_2_font_size_phone=&#8220;50px&#8220; header_2_font_size_last_edited=&#8220;on|phone&#8220;]<\/p>\n<h2 style=\"text-align: left;\">Unsere Burg<\/h2>\n<h1><\/h1>\n<p>[\/et_pb_text][\/et_pb_column][\/et_pb_row][\/et_pb_section][et_pb_section fb_built=&#8220;1&#8243; admin_label=&#8220;About Section&#8220; _builder_version=&#8220;3.22&#8243; background_color=&#8220;#f7f7f7&#8243; custom_padding=&#8220;8px||8px|||&#8220;][et_pb_row column_structure=&#8220;1_2,1_2&#8243; _builder_version=&#8220;4.7.7&#8243; _module_preset=&#8220;default&#8220;][et_pb_column type=&#8220;1_2&#8243; _builder_version=&#8220;4.7.7&#8243; _module_preset=&#8220;default&#8220;][et_pb_text admin_label=&#8220;Title&#8220; _builder_version=&#8220;3.27.4&#8243; text_font=&#8220;Montserrat|300|||||||&#8220; text_text_color=&#8220;#878787&#8243; text_font_size=&#8220;25px&#8220; text_line_height=&#8220;1.8em&#8220; link_font=&#8220;||||on|||#f46624|&#8220; link_text_color=&#8220;#333333&#8243; header_font=&#8220;||||||||&#8220; header_2_font=&#8220;Montserrat|600||on|||||&#8220; header_2_text_align=&#8220;center&#8220; header_2_font_size=&#8220;30px&#8220; text_orientation=&#8220;center&#8220; max_width=&#8220;800px&#8220; module_alignment=&#8220;center&#8220; custom_margin=&#8220;||40px|&#8220; animation_style=&#8220;slide&#8220; animation_direction=&#8220;top&#8220; animation_intensity_slide=&#8220;20%&#8220; animation_starting_opacity=&#8220;100%&#8220;]<\/p>\n<p><span>Im Keller des Restaurants Hofgarten<\/span><span class=\"GramE\">,<\/span><br \/><span>eigener Eingang die Treppe runter,<\/span><br \/><span>das Restaurant selbst ist geschlossen!<\/span><b><br \/><\/b><span>Hauptstrasse 19<\/span><br \/><span>4147 Aesch<\/span><br \/><a href=\"https:\/\/www.google.com\/maps\/place\/Restaurant+Hofgarten\/@47.4676499,7.5973636,16.76z\/data=!4m13!1m5!2m4!1saesch+restaurants!5m2!5m1!1s2018-09-23!3m6!1s0x0:0x3f0c407305d1f9eb!5m1!1s2018-09-23!8m2!3d47.4655862!4d7.5999574\"><span>&gt;\u00a0\u00a0<\/span><span>Auf Google\u00a0<span class=\"SpellE\">Maps<\/span>\u00a0anzeigen<\/span><\/a><\/p>\n<p>[\/et_pb_text][\/et_pb_column][et_pb_column type=&#8220;1_2&#8243; _builder_version=&#8220;4.7.7&#8243; _module_preset=&#8220;default&#8220;][et_pb_image src=&#8220;https:\/\/schlaraffia-imbirseck.ch\/wp-content\/uploads\/2020\/12\/Wappen.png&#8220; title_text=&#8220;Wappen&#8220; align=&#8220;center&#8220; _builder_version=&#8220;4.7.7&#8243; _module_preset=&#8220;default&#8220;][\/et_pb_image][\/et_pb_column][\/et_pb_row][et_pb_row column_structure=&#8220;1_4,3_4&#8243; _builder_version=&#8220;4.7.7&#8243; _module_preset=&#8220;default&#8220;][et_pb_column type=&#8220;1_4&#8243; _builder_version=&#8220;4.7.7&#8243; _module_preset=&#8220;default&#8220;][et_pb_text _builder_version=&#8220;4.7.7&#8243; _module_preset=&#8220;default&#8220;]<\/p>\n<h2>Parkpl\u00e4tze<\/h2>\n<p>[\/et_pb_text][\/et_pb_column][et_pb_column type=&#8220;3_4&#8243; _builder_version=&#8220;4.7.7&#8243; _module_preset=&#8220;default&#8220;][et_pb_text _builder_version=&#8220;4.7.7&#8243; _module_preset=&#8220;default&#8220; custom_padding=&#8220;||0px|||&#8220;]<\/p>\n<p style=\"font-weight: 400;\"><span style=\"font-size: large;\">Parkpl\u00e4tze vor der Burg sind privat!<\/span><\/p>\n<p style=\"font-weight: 400;\"><span style=\"font-size: large;\">Es gibt gen\u00fcgend Parkpl\u00e4tze in der R\u00f6mertrasse parallel zur<\/span><br \/><span style=\"font-size: large;\">Hauptstrasse. Von hier zu Fuss links neben der Garagenzeile<\/span><br \/><span style=\"font-size: large;\">vorbei (genau vis-\u00e0-vis vom\u00a0S\u00e4geweg) geradeaus in den<\/span><br \/><span style=\"font-size: large;\">Schlossgarten und an dessen rechten hinteren Ecke durch<\/span><br \/><span style=\"font-size: large;\">den Turm die Treppe runter. Und schon steht man am Eingang<\/span><br \/><span style=\"font-size: large;\">zu unserer Burg.<\/span><\/p>\n<p>[\/et_pb_text][\/et_pb_column][\/et_pb_row][et_pb_row column_structure=&#8220;1_4,3_4&#8243; _builder_version=&#8220;4.7.7&#8243; _module_preset=&#8220;default&#8220;][et_pb_column type=&#8220;1_4&#8243; _builder_version=&#8220;4.7.7&#8243; _module_preset=&#8220;default&#8220;][et_pb_text _builder_version=&#8220;4.7.7&#8243; _module_preset=&#8220;default&#8220;]<\/p>\n<h2>\u00d6V<\/h2>\n<p>[\/et_pb_text][\/et_pb_column][et_pb_column type=&#8220;3_4&#8243; _builder_version=&#8220;4.7.7&#8243; _module_preset=&#8220;default&#8220;][et_pb_text _builder_version=&#8220;4.7.7&#8243; _module_preset=&#8220;default&#8220; custom_padding=&#8220;||0px|||&#8220;]<\/p>\n<p><span style=\"font-size: large;\">Tramstation Linie 11 \/ Aesch Dorf, Endstation<\/span><br \/><span style=\"font-size: large;\">Danach zu Fuss 500m \/ 7Min. alles der Hauptstrasse entlang.<\/span><\/p>\n<p>[\/et_pb_text][\/et_pb_column][\/et_pb_row][et_pb_row column_structure=&#8220;1_4,3_4&#8243; _builder_version=&#8220;4.7.7&#8243; _module_preset=&#8220;default&#8220;][et_pb_column type=&#8220;1_4&#8243; _builder_version=&#8220;4.7.7&#8243; _module_preset=&#8220;default&#8220;][et_pb_text _builder_version=&#8220;4.7.7&#8243; _module_preset=&#8220;default&#8220;]<\/p>\n<h2>Atzen<\/h2>\n<p>[\/et_pb_text][\/et_pb_column][et_pb_column type=&#8220;3_4&#8243; _builder_version=&#8220;4.7.7&#8243; _module_preset=&#8220;default&#8220;][et_pb_text _builder_version=&#8220;4.7.7&#8243; _module_preset=&#8220;default&#8220;]<\/p>\n<p style=\"font-weight: 400;\"><span style=\"font-size: large;\">Am besten parkiert man schon vorher in der<\/span><br \/><span style=\"font-size: large;\">R\u00f6merstrasse und geht zu Fuss zum Restaurant.<\/span><br \/><span style=\"font-size: large;\">Und\u00a0\u00d6V\u2019ler\u00a0haben sowieso kein Parkplatzproblem.<\/span><\/p>\n<p style=\"font-weight: 400;\"><span style=\"font-size: large;\"><strong>Gasthaus zur Sonne<\/strong><\/span><br \/><span style=\"font-size: large;\">Untere Kirchgasse 1<\/span><br \/><span style=\"font-size: large;\">4147 Aesch<\/span><br \/><span style=\"font-size: large;\"><a href=\"http:\/\/www.sonneaesch.ch\/\">www.sonneaesch.ch<\/a><\/span><\/p>\n<p style=\"font-weight: 400;\"><span style=\"font-size: large;\"><strong>Kluserst\u00fcbli<\/strong><\/span><br \/><span style=\"font-size: large;\">Pfeffingerstrasse\u00a03<\/span><br \/><span style=\"font-size: large;\">4147 Aesch<\/span><br \/><span style=\"font-size: large;\"><a href=\"http:\/\/www.kluserstuebli.ch\/\">www.kluserstuebli.ch<\/a><\/span><\/p>\n<p style=\"font-weight: 400;\"><span style=\"font-size: large;\"><strong>Restaurant Jura<\/strong><\/span><br \/><span style=\"font-size: large;\">Bahnhofstrasse\u00a025<\/span><br \/><span style=\"font-size: large;\">4144 Aesch<\/span><br \/><span style=\"font-size: large;\"><a href=\"http:\/\/www.pizzeria-jura.ch\/\">www.pizzeria-jura.ch<\/a><\/span><\/p>\n<p>[\/et_pb_text][\/et_pb_column][\/et_pb_row][et_pb_row _builder_version=&#8220;4.7.7&#8243; _module_preset=&#8220;default&#8220;][et_pb_column _builder_version=&#8220;4.7.7&#8243; _module_preset=&#8220;default&#8220; type=&#8220;4_4&#8243;][et_pb_image src=&#8220;https:\/\/schlaraffia-imbirseck.ch\/wp-content\/uploads\/2021\/01\/B-scaled.jpg&#8220; _builder_version=&#8220;4.7.7&#8243; _module_preset=&#8220;default&#8220; title_text=&#8220;B&#8220; hover_enabled=&#8220;0&#8243; sticky_enabled=&#8220;0&#8243;][\/et_pb_image][\/et_pb_column][\/et_pb_row][\/et_pb_section]<\/p>\n","protected":false},"excerpt":{"rendered":"<p>Unsere Burg Im Keller des Restaurants Hofgarten,eigener Eingang die Treppe runter,das Restaurant selbst ist geschlossen!Hauptstrasse 194147 Aesch&gt;\u00a0\u00a0Auf Google\u00a0Maps\u00a0anzeigenParkpl\u00e4tzeParkpl\u00e4tze vor der Burg sind privat! Es gibt gen\u00fcgend Parkpl\u00e4tze in der R\u00f6mertrasse parallel zurHauptstrasse. Von hier zu Fuss links neben der Garagenzeilevorbei (genau vis-\u00e0-vis vom\u00a0S\u00e4geweg) geradeaus in denSchlossgarten und an dessen rechten hinteren Ecke durchden Turm die [&hellip;]<\/p>\n","protected":false},"author":1,"featured_media":0,"parent":0,"menu_order":0,"comment_status":"closed","ping_status":"closed","template":"","meta":{"_et_pb_use_builder":"on","_et_pb_old_content":"","_et_gb_content_width":"","footnotes":""},"class_list":["post-11","page","type-page","status-publish","hentry"],"_links":{"self":[{"href":"https:\/\/schlaraffia-imbirseck.ch\/index.php\/wp-json\/wp\/v2\/pages\/11","targetHints":{"allow":["GET"]}}],"collection":[{"href":"https:\/\/schlaraffia-imbirseck.ch\/index.php\/wp-json\/wp\/v2\/pages"}],"about":[{"href":"https:\/\/schlaraffia-imbirseck.ch\/index.php\/wp-json\/wp\/v2\/types\/page"}],"author":[{"embeddable":true,"href":"https:\/\/schlaraffia-imbirseck.ch\/index.php\/wp-json\/wp\/v2\/users\/1"}],"replies":[{"embeddable":true,"href":"https:\/\/schlaraffia-imbirseck.ch\/index.php\/wp-json\/wp\/v2\/comments?post=11"}],"version-history":[{"count":7,"href":"https:\/\/schlaraffia-imbirseck.ch\/index.php\/wp-json\/wp\/v2\/pages\/11\/revisions"}],"predecessor-version":[{"id":162,"href":"https:\/\/schlaraffia-imbirseck.ch\/index.php\/wp-json\/wp\/v2\/pages\/11\/revisions\/162"}],"wp:attachment":[{"href":"https:\/\/schlaraffia-imbirseck.ch\/index.php\/wp-json\/wp\/v2\/media?parent=11"}],"curies":[{"name":"wp","href":"https:\/\/api.w.org\/{rel}","templated":true}]}}